 1. Calculate o(h).
20
Suppose 3*w + 125 = 26. Let k(t) = -t**3 - 32*t**2 + 35*t + 73. Let x be k(w). Let l(b) = 4*b + 15. Let d(v) = -v. Let p(g) = 5*d(g) + l(g). What is p(x)?
8
Let d = 5031 - 5039. Let q(u) = -u**2 - 13*u - 38. Determine q(d).
2
Let z(n) = 41*n**3 + 6*n**2 + 5*n + 6. Let k(p) = -19*p**3 - 3*p**2 - 2*p - 3. Let b = -90 - -77. Let x(u) = b*k(u) - 6*z(u). Determine x(-5).
-27
Let v(j) = -4*j**2 - 19*j - 9. Let z be v(-4). Let t(w) = -2*w - 3 + 2*w - 4*w - 4*w + z*w. Give t(-2).
7
Let a(d) be the second derivative of -11/3*d**3 + 1/10*d**5 - 7/2*d**2 + 2*d + 2 + 5/3*d**4. Let g be a(-11). Let x(t) = t**2 + 7*t + 4. Calculate x(g).
4
Let d = -359 + 365. Let b be (-10)/d + 160/24. Let l(g) be the third derivative of -g**6/120 + g**5/10 - 7*g**4/24 - g**3/6 - g**2. Give l(b).
-11
Let c(o) be the second derivative of o**8/6720 + o**7/504 + o**6/120 + o**5/40 - 49*o**4/12 - 80*o. Let y(w) be the third derivative of c(w). Calculate y(-3).
3
Let v(j) be the third derivative of j**4/24 + 3*j**3/2 + j**2 + 2623*j. Let i be (-6 + 9)*8/(-3). What is v(i)?
1
Let p(j) = 734 + 736 - 2207 - 3*j + 735. Let d be 6/(-15)*(-1 - 4). Give p(d).
-8
Let s(n) be the third derivative of -n**5/20 - 11*n**4/8 + 3*n**3/2 + 65*n**2. Let a(q) = -q**2 - 11*q + 3. Let o(v) = 11*a(v) - 4*s(v). What is o(-9)?
-21
Let g(s) be the third derivative of -s**5/30 - s**4/6 + 3*s**3 - 3465*s**2. Give g(-5).
-12
Let y(k) = -562*k**2 - 910*k**2 + 1471*k**2 - 32*k + 236. Calculate y(-38).
8
Let k(w) = w - 3. Let g(u) = -4*u + 53. Let v(b) = 2*b - 27. Let y(m) = -4*g(m) - 7*v(m). Let c(a) = 3*k(a) - y(a). What is c(6)?
20
Let g(v) be the first derivative of -v - 31 + 5/2*v**2. What is g(-1)?
-6
Suppose -3*i + 16 = 4*f, -6*i - f = -8*i - 4. Suppose -30 + i = 6*h. Let k(m) = -m**3 - 5*m**2 - m - 9. What is k(h)?
-4
Let s(b) = 0 - 2 - 5*b + 6*b - 30*b. Give s(-1).
27
Let z = 8 + -5. Suppose -z*v = -3, -7*b + 4*b = 3*v - 21. Let k(p) = -5 + 3 + 5 + 32*p - 33*p. Calculate k(b).
-3
Suppose -6*p - 2*f - 36 = 0, f + 0*f + 32 = -5*p. Let t(c) = 4 + 14*c**2 - c - 13 - c**3 - 21*c**2. What is t(p)?
-2
Let g(h) = 13 - 34 + 8 - 24 + 109 - 10*h. Calculate g(5).
22
Let d(j) be the third derivative of -13*j**4/24 + j**3/6 - 16*j**2 - 32*j - 3. Let f = 14 + 1. Suppose -4*h = 5*l - f, -5*l + 5*h = 32 - 2. Give d(l).
14
Let y(b) = b**3 - 60 - b**3 + 61*b**2 + 2*b**3 + 40*b + 4 - 73*b. Give y(-31).
6
Let a(q) = -q**2 + 7*q - 2. Let z be a(6). Let w = -9 + z. Let k(r) = -4*r**2 + 3*r**2 - 48 - 4*r + 101 - 57. Calculate k(w).
-9
Let v = -12 + 16. Let n(g) = -24*g - 5*g**2 - 17 - 19*g + 32*g. Let y(o) = 3*o**2 + 6*o + 9. Let x(h) = 4*n(h) + 7*y(h). Give x(v).
3
Let u(h) = -7*h**2 - 2*h**2 - 19 - 23*h**2 + 2*h + 3 + 30*h**2. Determine u(0).
-16
Let b be 14/63 + (-241)/(-9). Let c be -1 + b/7 + (-4)/(-28). Let x(j) = -2*j - 4 - 66*j**3 + 65*j**c + 0*j + 5*j**2. Calculate x(4).
4
Let r(k) = -2*k + 5. Suppose c + 7 = 3*y - 3*c, y + 2*c - 9 = 0. Suppose l + 5*h = -20, 2*l - 3*h + 2*h - 15 = 0. Suppose -y = -l*x + 15. Determine r(x).
-3
Let f(q) = 6*q**3 - 101*q**2 + 78*q + 35. Let v be f(16). Let o(j) = 4*j**3 - 6*j**2. Determine o(v).
54
Let c(m) = -40*m**2 + m + 4*m + 38*m**2 + 9 - 16*m. Calculate c(1).
-4
Suppose 0 = -24*a + 23*a, 2*a = -2*c + 13 + 1. Let o(i) = i**3 - 7*i**2 - 2*i + 7. Give o(c).
-7
Let c(q) = q**3 + 12*q**2 + 5*q - 38. Let n be c(-8). Let g(o) = -n + o**2 + 178 + 8*o. Calculate g(-6).
-12
Let a = -552 + 605. Let h(t) = a - 2*t - t**2 - 59 + 7*t**2 - 7*t**2. Determine h(-3).
-9
Let k(m) = -m**3 + 6*m**2 - 3*m - 3. Suppose p - 32 = -5*f + 4*f, 0 = 5*p + 3*f - 160. Suppose -57*w + p = -49*w. Calculate k(w).
17
Let l(w) = -w**2 + 8*w + 12. Let k be (-216)/(-21) + 2/(-7). Suppose 5*s + 40 = -3*f, -f = -3*s + k + 8. Let v be f/(-15)*(10 + 0). What is l(v)?
-8
Let x(t) = 3*t**2 + 2*t**2 + 7 - 6*t + t**2 - t**3. Let d be x(5). Let w(u) = d*u - u - 1 + 16 - 10. Determine w(0).
5
Suppose r + 4 = 3*d, 119 + 1 = 5*r + 5*d. Let j(x) = -1. Let p(s) = s**2 - 18*s - 2. Let o(q) = -4*j(q) + p(q). What is o(r)?
-15
Let z(s) = -3*s**3 - 22*s**2 + 7*s + 20. Let t(g) = 2*g**3 + 11*g**2 - 3*g - 10. Let m(h) = 5*t(h) + 3*z(h). Let x be (-1176)/(-108) + 128/(-144). What is m(x)?
-30
Let g(h) = -142*h + 28. Let r(o) = -11*o + 2. Let w(x) = g(x) - 13*r(x). Let f be 2/(-4) - (-9)/6. Let q be ((-6)/4)/(f/2). Determine w(q).
-1
Let h(x) = -7*x**2 - 10*x - 13. Suppose -3*q = 34*b - 29*b + 35, -5*b = 20. What is h(q)?
-138
Let y = -37 + 43. Suppose 9 = k + y. Let z(v) = 2 - v + 2*v - k. Calculate z(4).
3
Suppose 5*b + 1622 = 1617, -13 = -5*t + 3*b. Let g(o) be the first derivative of 21 - o - 2/3*o**3 - o**t. Give g(-2).
-5
Suppose -13 = -2*t + z, 14 = -0*t + 2*t - 2*z. Suppose 5*l = -3*g + 14, 2*g + t = 4*g. Let k(d) = -2*d + 8*d**2 + 4*d - 2*d + l. Calculate k(1).
9
Let i(c) be the first derivative of -c**4/4 + 11*c**3/3 - 5*c**2 + 106*c + 12341. Give i(11).
-4
Let l(o) be the first derivative of -o**2/2 + 6*o + 1076. What is l(14)?
-8
Let s(y) be the first derivative of y**5/20 - 7*y**4/12 - 3*y**3/2 + y**2 - 19*y - 65. Let r(u) be the first derivative of s(u). Determine r(8).
-6
Let s(i) = 2*i - 3*i - 12 + 3*i. Let m(k) = k**3 - 11*k**2 + 173*k - 1622. Let g be m(10). Determine s(g).
4
Let c = 6611 + -6599. Let y(w) = 4 + w**2 + 0 - 8 - 13*w. Give y(c).
-16
Suppose -103*y - 43 - 10 = 50. Let a(z) = -36*z - 9. Give a(y).
27
Let w(y) = y**2 + 10*y - 1. Let i(m) = m**2 + 11*m - 1. Let h(r) = 6*i(r) - 7*w(r). Suppose -b = t + 9, -2*b - 39 = 3*b - t. Let g = b + 5. What is h(g)?
4
Let n be 5/((-7)/(-14) + 2 + 0). Suppose 5*a - 24 = 3*t, 3*a - n*t = -2*a + 26. Let b(u) = -6*u - 1 - a*u**2 + 5*u**2 + 0*u - 1. Give b(-5).
3
Let z be (6 + -5)/((-1)/(-4)). Let f(n) = -2*n - 17. What is f(z)?
-25
Let a(m) = -3*m**2 - 7*m - 7. Let c be (-100)/(-75)*(-27)/(-4). Let x(h) = -18*h + 161. Let w be x(c). Determine a(w).
-3
Let j be -4 - (-7 - -6 - 3). Let a(r) = -11 + 23 - 4 - 5 - 5 + r**2 + r. Give a(j).
-2
Let o(h) = h**3 - 2*h**2 + 3*h + 3. Suppose 244*m - 62*m = 546. Calculate o(m).
21
Let v(h) = 2*h - 2 + 0*h**3 + 4*h**3 + 0*h + 0*h**3 - 5*h**3. Suppose -2*y - 2 + 8 = 0. Suppose 5*s + 5*l + y = -2, 0 = -l - 3. What is v(s)?
-6
Let g(i) = 2*i**2 - 3*i - 3. Let a be (-44)/154 - 16/(-7). Suppose a*b = -19 + 9, 2*t = b + 13. Determine g(t).
17
Let z(l) = l**2 + 8*l - 21. Suppose 5*o = -n + 16, -477*o + 482*o + 4*n = 4. Determine z(o).
27
Suppose 3*x + 36 = -3. Let z(g) be the first derivative of -g**3/3 - 7*g**2 - 15*g + 2525. Calculate z(x).
-2
Let t(c) = -c**3 - 26*c**2 - 9*c - 13. Let i(j) = 2*j**3 + 56*j**2 + 17*j + 25. Let g(z) = -5*i(z) - 11*t(z). Determine g(-4).
-6
Let t(q) = -q**3 + 18*q**2 - 44*q - 25. Let o be t(15). Let p(s) = -s**3 - 11*s**2 - 7*s + 6. Determine p(o).
-24
Let j(u) = -16*u + 145. Let r be j(10). Let x be 9/(-3)*20/r + 8. Let a(k) = k**2 - 13*k + 17. Determine a(x).
5
Suppose 4*u - 4*y - 24 = 0, -8*y + 3*y = 2*u - 5. Let d(h) = 3*h**2 - 17*h - 2. Determine d(u).
-12
Let w be -9 + (-18)/(-27)*6. Suppose -5*s + 2 = -8. Let p(r) = -8 + s - 8 - r + 5. Calculate p(w).
-4
Let a(u) be the third derivative of -308*u**2 + 0 + 1/4*u**5 - 11/3*u**3 - 17/24*u**4 + 1/120*u**6 + 0*u. Give a(-16).
-6
Let f(z) = -10*z**3 - 5*z**2 + 4*z + 2. Let l(r) = -8*r**3 + r**2 - 1. Let a(x) = -f(x) + l(x). Determine a(-3).
9
Let v(w) = -119*w + 17. Let g(p) = 132*p - 19. Let b(m) = 8*g(m) + 9*v(m). Let u be 1/3 + (-4)/(-6). What is b(u)?
-14
Let u(p) = 16 + 5*p**2 + 9 - 64 - 2*p**2 - 92*p - 12*p. Give u(35).
-4
Let o(w) = 12*w**2 + 5*w - 17. Let m be o(-11). Let b(s) = 1379 + 4*s**2 - 5*s**2 - m + 4*s. Calculate b(5).
-6
Suppose 4*q + 5 = p, 2*q - 1 = -2*p + 9. Let n(k) = -19*k - 140 + p*k + 146 - k**3 - 15*k**2. Determine n(-14).
6
Let x(j) = -j. Suppose -23*b + 28*b = 25. Suppose -3*y + b*s - 33 = -6*y, -6 = -2*s. Suppose -y*a + 42 = -0. What is x(a)?
-7
Let w(r) = -197*r - 1. Let g(d) = -d**2 - 495*d - 2. Let y(l) = -2*g(l) + 5*w(l). Calculate y(-5).
24
Let o(r) be the second derivative of -21*r**5/20 + r**2/2 + r. Suppose -10*b = -19 - 301. Suppose b*x = 25*x + 7. Give o(x).
-20
Let l = -1 - -6. Let o(n) = 5*n - 10. Let c be o(l). Let t(i) = -2*i - i**2 + c - 13 + 7*i. Calculate t(5).
2
Suppose 78 = -5*p + 1778.